*f + 27 = 3*g. Let a(d) = -2*d**2 + g*d**2 - 3*d**2 - d. Calculate a(-3).
-6
Suppose 2 = -a - 0. Let p(k) = 2*k - 2 - k - 6*k**2 + 5*k**2. Calculate p(a).
-8
Let d = 1 - 0. Let s be d*(0 - 1) + 4. Let x(q) = -2 - 8*q**2 + q**3 + 0*q**s + 5*q**2 + 4*q. Give x(2).
2
Let f = 3 - 1. Let i = -30 - -32. Let a(l) = -6*l + f + 3*l + 0*l + 2*l - i*l**2. What is a(-2)?
-4
Let q(x) = 1 - 3*x - 5*x**2 + 2*x**2 - 5 + 1. Calculate q(-2).
-9
Suppose -3*l = -17 - 1. Let w(b) = -b**2 + b + 5. Give w(l).
-25
Suppose 5*d = -0*d. Let j(x) = 0*x + d*x - 2 - x + 0*x. Determine j(3).
-5
Let a(r) = -2*r + 2. Suppose 0 = -3*z - 26 + 32. Determine a(z).
-2
Let p(x) = 2*x**3 - 16*x**2 - 18*x - 2. Let v be p(9). Let f(z) = z**2 + 2. Calculate f(v).
6
Let v(f) = f - 1. Let n(m) = -5*m**2 + 5*m - 4. Let h(q) = -n(q) + 4*v(q). Suppose -3*j - 6 = -4*j. Suppose i - 3*p - j = 4*i, -2*i - 3 = p. What is h(i)?
6
Let r = -27 - -19. Let d = 8 + r. Let z(i) = -i**2 + i + 9. Calculate z(d).
9
Let t = 3 - 1. Let j(l) = 1 + l**3 + t + 4*l - 4 + 2*l**2 - 7*l**2. Suppose -3*x - x = -16. What is j(x)?
-1
Let u = -2 + 4. Suppose -3*c + 16 = -2*l, c + 3*l + 10 = -3. Let b(i) = u*i - 11 + i**2 + 1 + 0*i**c - i. Determine b(0).
-10
Suppose -v = 5*l + v, 0 = -4*l + 2*v. Let z(q) be the first derivative of -2 - 4*q - 1/2*q**2 - 1/3*q**3. Give z(l).
-4
Let j(m) = 62 - 117 - m - 5*m + 58 + m**2. What is j(4)?
-5
Let q(u) = -u. Let z be q(2). Let n(s) be the third derivative of 1/30*s**5 + 0*s + 1/60*s**6 - 1/8*s**4 + 0 - 1/3*s**3 - s**2. Determine n(z).
-4
Suppose -4*k + 30 = -5*t + k, 0 = 4*t - 2*k + 20. Let z(h) = 2 + 2 - 2 + h**2 + 8*h - 5*h. Give z(t).
6
Let z(u) = 17 - u - 13 - 12. Determine z(-8).
0
Let a be 3/4 + 55/(-20). Suppose 0 = d - 2 + 1. Let b(j) = -1 - 4*j - d + 0. What is b(a)?
6
Let z be ((-4)/8)/((-1)/8). Suppose -8*s = -z*s - 16. Let u(b) = -3*b**2 - s*b**3 + 5*b**3 - 1 + 5*b**2. Calculate u(-3).
-10
Let f = -50 - -49. Let u(n) = n**3. Determine u(f).
-1
Suppose 5*z + 0*z + 2*c + 3 = 0, 0 = 4*z + 5*c + 16. Let m(s) = -25*s**2 + 21*s + 6. Let i(f) = 5*f**2 - 4*f - 1. Let d(x) = 11*i(x) + 2*m(x). What is d(z)?
4
Let t(u) = -1. Let w(v) = -v - 2. Let h(b) = 3*t(b) - w(b). What is h(1)?
0
Suppose -4*x + 0*y + 28 = -4*y, 0 = 2*x + 2*y - 6. Let t be (-2)/(2 - (3 + -2)). Let d be 2/(-3)*(x + t). Let p(q) = -2*q**2 + q + 1. Calculate p(d).
-9
Let t(n) = -n**2 - 4*n + 6. Let h(d) = d**2 - 8*d + 1. Let v be h(7). Give t(v).
-6
Let i be 3*(6 - 3 - 2). Suppose 5*h = 2*x + 1, -2*h + 2*x = -i*x + 8. Let m(b) = 3*b**2 - 1. What is m(h)?
2
Let f(i) = i**3 + 3*i**2 + 3*i. Let r(g) = -g**3 - 3*g**2 + 1. Let w be r(-3). Suppose 25 - 9 = 4*b, -3*y = 2*b + w. What is f(y)?
-9
Let y(x) be the third derivative of 0*x + 2*x**2 + 1/6*x**3 + 0 - 1/12*x**4. Determine y(-1).
3
Suppose 3*r - 34 = 4*z, -6*r + r + 3*z + 64 = 0. Let i(a) = -2*a - 4*a + r - 13. Let l be 2/(2 + -1) - 1. What is i(l)?
-5
Let v(j) = -2*j**2 + 9*j + 3. Let m be v(5). Let g(h) = -3*h. Determine g(m).
6
Let k(z) = -z - 5. Suppose -6*i + i - 20 = 0. Let p be i/(-3 + 7)*7. Give k(p).
2
Let h(q) = 4*q**2 + 10*q + 4. Let g be 18/(-3)*(1 + 0). Let b(n) = 5*n**2 + 11*n + 5. Let a(l) = g*h(l) + 5*b(l). Let y be (10*(-3)/6)/(-1). Calculate a(y).
1
Let x(k) be the second derivative of 7*k**3/6 + 4*k. Let d(t) = t**3 - t**2 + 1. Let u be d(1). Let l be u*(1 + 1 + -1). Determine x(l).
7
Let m(d) = -2*d**3 - d**2 + 2*d + 2. Let k(x) = 5*x**3 + 2*x**2 - 5*x - 4. Let f(i) = 3*k(i) + 7*m(i). Determine f(0).
2
Let y(v) = -v**3 - 5*v**2 - v - 3. Let k be (-27)/5 + (-2)/(-5). Let m be y(k). Let z(n) = 4 - 2 + 3*n - n**m + 0. Give z(-2).
-8
Let o(i) be the first derivative of i**2 + 2*i + 8. Determine o(-5).
-8
Let m = -1 + 4. Let h(l) = -6 - l - l + m*l + 2*l. Give h(4).
6
Let x(w) = -7*w**3 + 2*w + 1. Let z be x(-1). Let f(a) be the second derivative of a**5/20 - a**4/2 - 7*a**2/2 - 12*a. What is f(z)?
-7
Let t = 12 - 10. Let u(z) = -z + 0*z + 1 + t*z + z. Determine u(-1).
-1
Let d(l) be the first derivative of l**4/4 - 5*l**3/3 - 4*l**2 + 8*l + 1. What is d(6)?
-4
Let u be (-2)/(1/(-5) - (-15)/25). Let f(m) = 2*m + 4. Calculate f(u).
-6
Let o(p) be the first derivative of -p**2/2 - p + 81. Let s(j) = -j + 2. Let m be s(5). What is o(m)?
2
Let j(b) be the second derivative of b**3/6 - 8*b. Calculate j(-4).
-4
Let k be (56/(-12))/(2/(-3)). Let b be k - (-1)/((-4)/8). Let q(h) = 2*h - 7. Give q(b).
3
Let r(t) = -t**3 - 5*t**2 - 4*t + 1. Let o(w) = w**3 + 7*w**2 - w - 10. Let f be (-14)/(6/3)*1. Let p be o(f). Determine r(p).
-5
Let p(o) = o. Let r be p(6). Let h(j) = -4*j + r*j**2 + 0*j**2 + 5*j. Let l(x) = -x**3 - 6*x**2 + 6*x - 8. Let k be l(-7). Give h(k).
5
Suppose -3*b = 5*v - 1, b + 7 + 2 = 3*v. Let y(a) = 5*a**2 + a - 4. Let q be (-1 + 0)/((-1)/(-1)). Let x(t) = -t**2. Let n(u) = q*y(u) - 4*x(u). What is n(b)?
-2
Let k(l) = -l - 1 - 2 + 2*l. Let g be k(3). Let p(y) be the third derivative of y**4/24 - y**3/3 + 2*y**2. What is p(g)?
-2
Let i(t) be the first derivative of t**6/360 - t**5/120 - 7*t**4/24 + 5*t**3/3 + 4. Let y(n) be the third derivative of i(n). Calculate y(0).
-7
Let o(v) = -2*v + 2*v**2 - 4*v**3 + 5*v**3 + 1 + 0*v**3. Let y = 9 - -2. Suppose -b + 12 = -5*f, -3*f + y = 5*b + 35. Determine o(f).
-2
Let r(k) = -k**2 + 3*k + 5. Let g be r(4). Let t(p) = -p**3 - p**2. Let b(w) = -8*w**3 - 6*w**2. Let c(s) = -2*b(s) + 12*t(s). What is c(g)?
4
Let z(r) = r**3 - r**2 + r - 2. Let l be z(0). Let q(v) be the third derivative of v**4/12 + v**3/2 - 6*v**2. Determine q(l).
-1
Let h(p) = -p + 1. Let x be ((-12)/8)/((-3)/(-6)). What is h(x)?
4
Let q(r) = 2*r**3 + 1 - 3*r + r**2 - r**3 + 0*r**3. Suppose 0 = -2*b - 8 + 2. Give q(b).
-8
Let g(d) be the second derivative of 0 - 2*d + 3/2*d**2 + 1/12*d**4 + 7/6*d**3. What is g(-4)?
-9
Suppose 2*l + 25 = 17. Let f(o) = o**2 + 4*o - 4. Give f(l).
-4
Let h(w) = 2*w**2 - 2. Let p(d) = -d + 16. Let z be p(18). What is h(z)?
6
Let u(f) = f**3 + 4*f**2 + 2*f - 4. Let y(m) = -m**3 + 3*m**2 + 4*m. Let r be y(3). Let t = 21 - r. Let q = 6 - t. What is u(q)?
-1
Suppose -7*q + 4*q + 246 = 0. Let y(g) = 81 - 7*g**2 + 0*g - q + 2*g. Suppose -3 = 3*a, -2 = h + 2*a + a. Determine y(h).
-6
Let t(n) = -357 - n - 3*n + 358. Determine t(-2).
9
Let y(v) be the second derivative of 1/3*v**4 + 1/2*v**2 + 0 + v**3 + v - 1/20*v**5. Suppose f + 0 = 5. Give y(f).
6
Let l(b) = -b - 2. Let i be l(-5). Let m(h) = 11*h - 3*h - 8*h - h. Give m(i).
-3
Let r(m) = -m**3 + m**2 + 3*m - 3. Let j be r(2). Let p(f) be the third derivative of -f**5/15 - f**4/12 - f**3/6 - 18*f**2. What is p(j)?
-3
Let l(n) = n**3 - 9*n**2 + 9*n - 5. Suppose 3*z + 16 = 5*z. Let q be l(z). Suppose -3*o + 4*o - q = 0. Let s(p) = p**3 - 2*p**2 - 3. Determine s(o).
6
Let c(r) = -r**2 - 3*r - 2. Suppose 8*v - 18 + 42 = 0. Calculate c(v).
-2
Suppose 0 = -u - 4*u + 40. Let r(j) be the first derivative of 2 - 1/3*j**3 - 1/2*j**2 - u*j. Determine r(0).
-8
Let t(d) = -5*d**3 + 13*d**2 - 6*d + 1. Let p(z) = 6*z**3 - 14*z**2 + 7*z - 1. Let o(u) = -6*p(u) - 7*t(u). Determine o(-7).
-1
Let w be -2 - (-2)/3*3. Suppose w = 4*f - f - 12. Let g(o) be the first derivative of -3*o**2/2 + 6*o + 1. Give g(f).
-6
Suppose 3*n = 2*n. Let x(s) = s - 2. Determine x(n).
-2
Let l = -6 - -4. Let q(y) be the first derivative of -3*y**2 - y + 2. Determine q(l).
11
Let l(y) be the third derivative of y**4/24 - y**3/6 + y**2. Let w be (0 - -1) + 1 - 0. Determine l(w).
1
Suppose 2*s - 4*s = -r + 11, -5*r - 5 = 2*s. Let h(n) = -n. Let m be h(r). Let o(v) be the first derivative of 3*v**2/2 - v + 1. Calculate o(m).
-4
Let s = 5 + -15. Let l be 92/20 - 4/s. Let r(y) = y**2 - 6*y + 1. Give r(l).
-4
Let d = 3 + 1. Suppose d*w + 20 = 2*i, 0*w - 3*i = -5*w - 26. Let c(t) be the third derivative of -t**5/60 - t**4/24 + t**3/2 - 4*t**2. Determine c(w).
-9
Let p(m) = -3*m + 2. Let i(v) = -13*v + 9. Let x(y) = -2*i(y) + 9*p(y). Suppose 0 = 4*a - 2*n - 50, 25 = -0*a + 3*a + n. Let t be 2/(-5)*a*1. Calculate x(t).
4
Let x(y) be the second derivative of y**4/12 + 5*y**3/6 + y**2 - 47*y. What is x(-6)?
8
Let j be 1*69/9 + 4/(-6). Let q(b) = -b**2 + 9*b - 4. Determine q(j).
10
Let u(j) = -4*j**2 - 2*j - 1. Let c(x) be the first derivative of x**4/4 - 2*x**3 - x**2 + 11*x + 1. Let p be c(6). Calculat